{"id":917,"date":"2025-11-14T19:10:01","date_gmt":"2025-11-14T19:10:01","guid":{"rendered":"https:\/\/www.mundilibros.cl\/web\/?post_type=product&#038;p=917"},"modified":"2025-11-14T19:11:15","modified_gmt":"2025-11-14T19:11:15","slug":"mujercitas","status":"publish","type":"product","link":"https:\/\/www.mundilibros.cl\/web\/producto\/mujercitas\/","title":{"rendered":"MUJERCITAS"},"content":{"rendered":"<p>Meg quiere casarse con un buen hombre y formar una familia; Jo sue\u00f1a con convertirse en una escritora famosa; Beth se conforma con tener siempre un piano junto a ella con el que poder deleitar a su familia, y Amy est\u00e1 firmemente decidida a entrar a formar parte de la alta sociedad. Ellas son las hermanas March, cuatro mujercitas en trance de convertirse en adultas, abiertas a la vida y sus complicaciones, en plena educaci\u00f3n sentimental.<\/p>\n<p>Esta deliciosa, divertida y emotiva historia, escrita sobre el lienzo de un sal\u00f3n burgu\u00e9s y con el tel\u00f3n de fondo de la guerra de Secesi\u00f3n, es la obra maestra de Louisa May Alcott, un ejemplo incomparable de novela de aprendizaje y un cl\u00e1sico inmortal le\u00eddo con entusiasmo generaci\u00f3n tras generaci\u00f3n. La autora logr\u00f3 plasmar el crecimiento intelectual y emocional de sus mujercitas desde el esp\u00edritu de libertad individual y autenticidad o self-reliance que defend\u00eda el trascendentalismo, con una visi\u00f3n tan adelantada a su \u00e9poca que a\u00fan hoy conserva toda su frescura.<\/p>\n<p>P\u00e1ginas: 318<br \/>\nEncuadernaci\u00f3n: tapa blanda<br \/>\nmedidas : 12 x 19 cms<\/p>\n","protected":false},"excerpt":{"rendered":"<p>Meg quiere casarse con un buen hombre y formar una familia; Jo sue\u00f1a con convertirse en una escritora famosa; Beth se conforma con tener siempre un<span class=\"excerpt-hellip\"> [\u2026]<\/span><\/p>\n","protected":false},"featured_media":978,"comment_status":"closed","ping_status":"closed","template":"","meta":[],"product_brand":[],"product_cat":[110],"product_tag":[],"class_list":{"0":"post-917","1":"product","2":"type-product","3":"status-publish","4":"has-post-thumbnail","6":"product_cat-clasicos","8":"first","9":"outofstock","10":"sale","11":"taxable","12":"shipping-taxable","13":"purchasable","14":"product-type-simple"},"_links":{"self":[{"href":"https:\/\/www.mundilibros.cl\/web\/wp-json\/wp\/v2\/product\/917","targetHints":{"allow":["GET"]}}],"collection":[{"href":"https:\/\/www.mundilibros.cl\/web\/wp-json\/wp\/v2\/product"}],"about":[{"href":"https:\/\/www.mundilibros.cl\/web\/wp-json\/wp\/v2\/types\/product"}],"replies":[{"embeddable":true,"href":"https:\/\/www.mundilibros.cl\/web\/wp-json\/wp\/v2\/comments?post=917"}],"wp:featuredmedia":[{"embeddable":true,"href":"https:\/\/www.mundilibros.cl\/web\/wp-json\/wp\/v2\/media\/978"}],"wp:attachment":[{"href":"https:\/\/www.mundilibros.cl\/web\/wp-json\/wp\/v2\/media?parent=917"}],"wp:term":[{"taxonomy":"product_brand","embeddable":true,"href":"https:\/\/www.mundilibros.cl\/web\/wp-json\/wp\/v2\/product_brand?post=917"},{"taxonomy":"product_cat","embeddable":true,"href":"https:\/\/www.mundilibros.cl\/web\/wp-json\/wp\/v2\/product_cat?post=917"},{"taxonomy":"product_tag","embeddable":true,"href":"https:\/\/www.mundilibros.cl\/web\/wp-json\/wp\/v2\/product_tag?post=917"}],"curies":[{"name":"wp","href":"https:\/\/api.w.org\/{rel}","templated":true}]}}