{"id":939,"date":"2025-11-14T19:10:28","date_gmt":"2025-11-14T19:10:28","guid":{"rendered":"https:\/\/www.mundilibros.cl\/web\/?post_type=product&#038;p=939"},"modified":"2025-11-29T17:05:12","modified_gmt":"2025-11-29T17:05:12","slug":"365-adivinanzas-infantiles","status":"publish","type":"product","link":"https:\/\/www.mundilibros.cl\/web\/producto\/365-adivinanzas-infantiles\/","title":{"rendered":"365 ADIVINANZAS INFANTILES"},"content":{"rendered":"<p>365 adivinanzas infantiles Colecci\u00f3n: Los mejores cuentos e historias<\/p>\n<p>P\u00e1ginas: 196<br \/>\nTama\u00f1o: 20 x 27 cm<\/p>\n","protected":false},"excerpt":{"rendered":"<p>365 adivinanzas infantiles Colecci\u00f3n: Los mejores cuentos e historias P\u00e1ginas: 196 Tama\u00f1o: 20 x 27 cm<\/p>\n","protected":false},"featured_media":989,"comment_status":"closed","ping_status":"closed","template":"","meta":[],"product_brand":[],"product_cat":[64],"product_tag":[],"class_list":{"0":"post-939","1":"product","2":"type-product","3":"status-publish","4":"has-post-thumbnail","6":"product_cat-libros-infantiles","8":"first","9":"instock","10":"sale","11":"taxable","12":"shipping-taxable","13":"purchasable","14":"product-type-simple"},"_links":{"self":[{"href":"https:\/\/www.mundilibros.cl\/web\/wp-json\/wp\/v2\/product\/939","targetHints":{"allow":["GET"]}}],"collection":[{"href":"https:\/\/www.mundilibros.cl\/web\/wp-json\/wp\/v2\/product"}],"about":[{"href":"https:\/\/www.mundilibros.cl\/web\/wp-json\/wp\/v2\/types\/product"}],"replies":[{"embeddable":true,"href":"https:\/\/www.mundilibros.cl\/web\/wp-json\/wp\/v2\/comments?post=939"}],"wp:featuredmedia":[{"embeddable":true,"href":"https:\/\/www.mundilibros.cl\/web\/wp-json\/wp\/v2\/media\/989"}],"wp:attachment":[{"href":"https:\/\/www.mundilibros.cl\/web\/wp-json\/wp\/v2\/media?parent=939"}],"wp:term":[{"taxonomy":"product_brand","embeddable":true,"href":"https:\/\/www.mundilibros.cl\/web\/wp-json\/wp\/v2\/product_brand?post=939"},{"taxonomy":"product_cat","embeddable":true,"href":"https:\/\/www.mundilibros.cl\/web\/wp-json\/wp\/v2\/product_cat?post=939"},{"taxonomy":"product_tag","embeddable":true,"href":"https:\/\/www.mundilibros.cl\/web\/wp-json\/wp\/v2\/product_tag?post=939"}],"curies":[{"name":"wp","href":"https:\/\/api.w.org\/{rel}","templated":true}]}}