{"id":952,"date":"2025-11-14T19:10:52","date_gmt":"2025-11-14T19:10:52","guid":{"rendered":"https:\/\/www.mundilibros.cl\/web\/?post_type=product&#038;p=952"},"modified":"2026-01-31T15:01:27","modified_gmt":"2026-01-31T15:01:27","slug":"libro-divino-de-los-chakras","status":"publish","type":"product","link":"https:\/\/www.mundilibros.cl\/web\/producto\/libro-divino-de-los-chakras\/","title":{"rendered":"LIBRO DIVINO DE LOS CHAKRAS"},"content":{"rendered":"<p>La medicina ayurveda que trata los chakras como fuente de energ\u00eda de cuerpo, mente y alma, no solo es antigua, sino que es mucho m\u00e1s compleja de lo que puede parecer a simple vista, y requiere de conocimientos profundos de anatom\u00eda, herborister\u00eda, nutrici\u00f3n y farmacopea, tanto la que se desarrolla con elementos minerales y plantas, como la que se obtiene de productos animales, entre ellos las secreciones humanas.<br \/>\nPor supuesto, y al igual que las medicinas china y al\u00f3pata, ha mejorado mucho y se ha modernizado en muchos aspectos en los \u00faltimos cien a\u00f1os, sin dejar de lado su habito tradicional y sin perder de vista su pretensi\u00f3n integral y hol\u00edstica de curar mente, cuerpo y alma para preparar al esp\u00edritu a una nueva vida o ascensi\u00f3n.<br \/>\nEn este sentido los chakras, que ya no son ning\u00fan secreto m\u00e1gico, sino una fuente de recursos pr\u00e1cticos para nuestro bienestar, son fundamentales para nuestro organismo y act\u00faan en todos los planos de la existencia, como Jay Tatsay nos explica a lo ancho y largo del presente libro.<\/p>\n<p>N\u00ba de p\u00e1ginas: 256<br \/>\nEncuadernaci\u00f3n: Tapa blanda bolsillo<br \/>\nmedidas : 13 x 19 cms<\/p>\n","protected":false},"excerpt":{"rendered":"<p>La medicina ayurveda que trata los chakras como fuente de energ\u00eda de cuerpo, mente y alma, no solo es antigua, sino que es mucho m\u00e1s compleja<span class=\"excerpt-hellip\"> [\u2026]<\/span><\/p>\n","protected":false},"featured_media":1013,"comment_status":"closed","ping_status":"closed","template":"","meta":[],"product_brand":[],"product_cat":[89],"product_tag":[],"class_list":{"0":"post-952","1":"product","2":"type-product","3":"status-publish","4":"has-post-thumbnail","6":"product_cat-ofertas","8":"first","9":"instock","10":"taxable","11":"shipping-taxable","12":"purchasable","13":"product-type-simple"},"_links":{"self":[{"href":"https:\/\/www.mundilibros.cl\/web\/wp-json\/wp\/v2\/product\/952","targetHints":{"allow":["GET"]}}],"collection":[{"href":"https:\/\/www.mundilibros.cl\/web\/wp-json\/wp\/v2\/product"}],"about":[{"href":"https:\/\/www.mundilibros.cl\/web\/wp-json\/wp\/v2\/types\/product"}],"replies":[{"embeddable":true,"href":"https:\/\/www.mundilibros.cl\/web\/wp-json\/wp\/v2\/comments?post=952"}],"wp:featuredmedia":[{"embeddable":true,"href":"https:\/\/www.mundilibros.cl\/web\/wp-json\/wp\/v2\/media\/1013"}],"wp:attachment":[{"href":"https:\/\/www.mundilibros.cl\/web\/wp-json\/wp\/v2\/media?parent=952"}],"wp:term":[{"taxonomy":"product_brand","embeddable":true,"href":"https:\/\/www.mundilibros.cl\/web\/wp-json\/wp\/v2\/product_brand?post=952"},{"taxonomy":"product_cat","embeddable":true,"href":"https:\/\/www.mundilibros.cl\/web\/wp-json\/wp\/v2\/product_cat?post=952"},{"taxonomy":"product_tag","embeddable":true,"href":"https:\/\/www.mundilibros.cl\/web\/wp-json\/wp\/v2\/product_tag?post=952"}],"curies":[{"name":"wp","href":"https:\/\/api.w.org\/{rel}","templated":true}]}}