{"id":994,"date":"2025-11-14T19:11:41","date_gmt":"2025-11-14T19:11:41","guid":{"rendered":"https:\/\/www.mundilibros.cl\/web\/?post_type=product&#038;p=994"},"modified":"2025-11-14T19:12:57","modified_gmt":"2025-11-14T19:12:57","slug":"harry-potter-y-la-piedra-filosofal-ilustrado-tapa-dura","status":"publish","type":"product","link":"https:\/\/www.mundilibros.cl\/web\/producto\/harry-potter-y-la-piedra-filosofal-ilustrado-tapa-dura\/","title":{"rendered":"HARRY POTTER Y LA PIEDRA FILOSOFAL ILUSTRADO TAPA DURA"},"content":{"rendered":"<p>La vida de Harry Potter cambia para siempre el d\u00eda que cumple once a\u00f1os, cuando el gigante de ojos negros y brillantes Rubeus Hagrid le entrega una carta y le revela noticias asombrosas: Harry Potter no es un chico normal y corriente, es un mago. Est\u00e1 a punto de comenzar una aventura extraordinaria&#8230; El prestigioso artista brit\u00e1nico Jim Kay ha contribuido con su enorme talento en esta primera edici\u00f3n ilustrada del cl\u00e1sico de J.K. Rowling. Un libro maravilloso y cautivador, una obra de gran valor tanto para fans incondicionales como para nuevos lectores.<\/p>\n<p>N\u00famero de p\u00e1ginas: 256<\/p>\n","protected":false},"excerpt":{"rendered":"<p>La vida de Harry Potter cambia para siempre el d\u00eda que cumple once a\u00f1os, cuando el gigante de ojos negros y brillantes Rubeus Hagrid le entrega<span class=\"excerpt-hellip\"> [\u2026]<\/span><\/p>\n","protected":false},"featured_media":1046,"comment_status":"closed","ping_status":"closed","template":"","meta":[],"product_brand":[],"product_cat":[58],"product_tag":[],"class_list":{"0":"post-994","1":"product","2":"type-product","3":"status-publish","4":"has-post-thumbnail","6":"product_cat-juvenil","8":"first","9":"outofstock","10":"sale","11":"taxable","12":"shipping-taxable","13":"purchasable","14":"product-type-simple"},"_links":{"self":[{"href":"https:\/\/www.mundilibros.cl\/web\/wp-json\/wp\/v2\/product\/994","targetHints":{"allow":["GET"]}}],"collection":[{"href":"https:\/\/www.mundilibros.cl\/web\/wp-json\/wp\/v2\/product"}],"about":[{"href":"https:\/\/www.mundilibros.cl\/web\/wp-json\/wp\/v2\/types\/product"}],"replies":[{"embeddable":true,"href":"https:\/\/www.mundilibros.cl\/web\/wp-json\/wp\/v2\/comments?post=994"}],"wp:featuredmedia":[{"embeddable":true,"href":"https:\/\/www.mundilibros.cl\/web\/wp-json\/wp\/v2\/media\/1046"}],"wp:attachment":[{"href":"https:\/\/www.mundilibros.cl\/web\/wp-json\/wp\/v2\/media?parent=994"}],"wp:term":[{"taxonomy":"product_brand","embeddable":true,"href":"https:\/\/www.mundilibros.cl\/web\/wp-json\/wp\/v2\/product_brand?post=994"},{"taxonomy":"product_cat","embeddable":true,"href":"https:\/\/www.mundilibros.cl\/web\/wp-json\/wp\/v2\/product_cat?post=994"},{"taxonomy":"product_tag","embeddable":true,"href":"https:\/\/www.mundilibros.cl\/web\/wp-json\/wp\/v2\/product_tag?post=994"}],"curies":[{"name":"wp","href":"https:\/\/api.w.org\/{rel}","templated":true}]}}

<p>La vida de Harry Potter cambia para siempre el día que cumple once años, cuando el gigante de ojos negros y brillantes Rubeus Hagrid le entrega una carta y le revela noticias asombrosas: Harry Potter no es un chico normal y corriente, es un mago. Está a punto de comenzar una aventura extraordinaria&#8230; El prestigioso artista británico Jim Kay ha contribuido con su enorme talento en esta primera edición ilustrada del clásico de J.K. Rowling. Un libro maravilloso y cautivador, una obra de gran valor tanto para fans incondicionales como para nuevos lectores.</p>
<p>Número de páginas: 256</p>

<p>La vida de Harry Potter cambia para siempre el día que cumple once años, cuando el gigante de ojos negros y brillantes Rubeus Hagrid le entrega<span class="excerpt-hellip"> […]</span></p>
