{"id":995,"date":"2025-11-14T19:11:41","date_gmt":"2025-11-14T19:11:41","guid":{"rendered":"https:\/\/www.mundilibros.cl\/web\/?post_type=product&#038;p=995"},"modified":"2025-11-14T19:13:05","modified_gmt":"2025-11-14T19:13:05","slug":"historia-de-un-milagro-cartas-a-pedro","status":"publish","type":"product","link":"https:\/\/www.mundilibros.cl\/web\/producto\/historia-de-un-milagro-cartas-a-pedro\/","title":{"rendered":"HISTORIA DE UN MILAGRO (CARTAS A PEDRO)"},"content":{"rendered":"<div class=\"frase-mkt\">\n<p>La maravillosa historia del milagro\u00a0que nos ha tra\u00eddo hasta aqu\u00ed,\u00a0contada por Cristi\u00e1n Arriagada.<\/p>\n<\/div>\n<p>El a\u00f1o 2019, la periodista Javiera Su\u00e1rez dej\u00f3 este mundo luego de una dura batalla contra el\u00a0c\u00e1ncer, que mantuvo en vilo a todo el pa\u00eds. Sin embargo, antes de su partida, se produjo un\u00a0milagro: el nacimiento de su hijo Pedro, el \u00fanico ni\u00f1o en el mundo en nacer de una madre\u00a0con un c\u00e1ncer melanoma avanzado y tratamiento con inmunoterapia.<\/p>\n<p>Dos a\u00f1os despu\u00e9s, Cristi\u00e1n Arriagada, marido de Javiera y padre de Pedro, configura este\u00a0conmovedor relato en forma de cartas dirigidas a su hijo, con la mirada puesta en el futuro,\u00a0imagin\u00e1ndolo como un adolescente lleno de preguntas y ganas de saber m\u00e1s acerca de su\u00a0identidad, su origen y su historia.<\/p>\n<p>Historia de un milagro constituye una narraci\u00f3n llena de v\u00edvidas an\u00e9cdotas y profundas reflexiones\u00a0en torno a la inevitabilidad de la muerte, el proceso de duelo, el aprendizaje y desarrollo\u00a0de la resiliencia, el poder del optimismo y el tremendo valor de saber mirar el dolor\u00a0como una oportunidad.<\/p>\n","protected":false},"excerpt":{"rendered":"<p>La maravillosa historia del milagro\u00a0que nos ha tra\u00eddo hasta aqu\u00ed,\u00a0contada por Cristi\u00e1n Arriagada. El a\u00f1o 2019, la periodista Javiera Su\u00e1rez dej\u00f3 este mundo luego de una<span class=\"excerpt-hellip\"> [\u2026]<\/span><\/p>\n","protected":false},"featured_media":1054,"comment_status":"closed","ping_status":"closed","template":"","meta":[],"product_brand":[],"product_cat":[46],"product_tag":[],"class_list":{"0":"post-995","1":"product","2":"type-product","3":"status-publish","4":"has-post-thumbnail","6":"product_cat-autoayuda","8":"first","9":"instock","10":"sale","11":"taxable","12":"shipping-taxable","13":"purchasable","14":"product-type-simple"},"_links":{"self":[{"href":"https:\/\/www.mundilibros.cl\/web\/wp-json\/wp\/v2\/product\/995","targetHints":{"allow":["GET"]}}],"collection":[{"href":"https:\/\/www.mundilibros.cl\/web\/wp-json\/wp\/v2\/product"}],"about":[{"href":"https:\/\/www.mundilibros.cl\/web\/wp-json\/wp\/v2\/types\/product"}],"replies":[{"embeddable":true,"href":"https:\/\/www.mundilibros.cl\/web\/wp-json\/wp\/v2\/comments?post=995"}],"wp:featuredmedia":[{"embeddable":true,"href":"https:\/\/www.mundilibros.cl\/web\/wp-json\/wp\/v2\/media\/1054"}],"wp:attachment":[{"href":"https:\/\/www.mundilibros.cl\/web\/wp-json\/wp\/v2\/media?parent=995"}],"wp:term":[{"taxonomy":"product_brand","embeddable":true,"href":"https:\/\/www.mundilibros.cl\/web\/wp-json\/wp\/v2\/product_brand?post=995"},{"taxonomy":"product_cat","embeddable":true,"href":"https:\/\/www.mundilibros.cl\/web\/wp-json\/wp\/v2\/product_cat?post=995"},{"taxonomy":"product_tag","embeddable":true,"href":"https:\/\/www.mundilibros.cl\/web\/wp-json\/wp\/v2\/product_tag?post=995"}],"curies":[{"name":"wp","href":"https:\/\/api.w.org\/{rel}","templated":true}]}}