{"id":998,"date":"2025-11-14T19:11:41","date_gmt":"2025-11-14T19:11:41","guid":{"rendered":"https:\/\/www.mundilibros.cl\/web\/?post_type=product&#038;p=998"},"modified":"2025-11-14T19:13:21","modified_gmt":"2025-11-14T19:13:21","slug":"como-ser-una-bruja-moderna","status":"publish","type":"product","link":"https:\/\/www.mundilibros.cl\/web\/producto\/como-ser-una-bruja-moderna\/","title":{"rendered":"COMO SER UNA BRUJA MODERNA"},"content":{"rendered":"<p>Guiada por la escritora, alquimista de la moda y bruja moderna Gabriela Herstik, descubrir\u00e1s el antiguo arte de la brujer\u00eda para que puedas encontrar aquella magia que sea mejor para ti. Desde trabajar con cristales, tarot y astrolog\u00eda hasta entender la magia sexual, los solsticios y las lunas llenas, con este maravilloso libro, repleto de hechizos y rituales para cuidarte, aprender\u00e1s a aprovechar tu energ\u00eda ps\u00edquica, a mantenerte lejos de la &#8230; Ver m\u00e1s Ocultar Guiada por la escritora, alquimista de la moda y bruja moderna Gabriela Herstik, descubrir\u00e1s el antiguo arte de la brujer\u00eda para que puedas encontrar aquella magia que sea mejor para ti. Desde trabajar con cristales, tarot y astrolog\u00eda hasta entender la magia sexual, los solsticios y las lunas llenas, con este maravilloso libro, repleto de hechizos y rituales para cuidarte, aprender\u00e1s a aprovechar tu energ\u00eda ps\u00edquica, a mantenerte lejos de la energ\u00eda t\u00f3xica, a entrar de nuevo en el mundo natural, a tomar el control y a reconectarte contigo misma. Porque, al fin y al cabo, las mujeres empoderadas dirigen el mundo (y probablemente sean brujas). Guiada por la escritora, alquimista de la moda y bruja moderna Gabriela Herstik, descubrir\u00e1s el antiguo arte de la brujer\u00eda para que puedas encontrar aquella magia que sea mejor para ti. Desde trabajar con cristales, tarot y astrolog\u00eda hasta entender la magia sexual, los solsticios y las lunas llenas, con este maravilloso libro, repleto de hechizos y rituales para cuidarte, aprender\u00e1s a aprovechar tu energ\u00eda ps\u00edquica, a mantenerte lejos de la energ\u00eda t\u00f3xica, a entrar de nuevo en el mundo natural, a tomar el control y a reconectarte contigo misma. Porque, al fin y al cabo, las mujeres empoderadas dirigen el mundo (y probablemente sean brujas).<\/p>\n","protected":false},"excerpt":{"rendered":"<p>Guiada por la escritora, alquimista de la moda y bruja moderna Gabriela Herstik, descubrir\u00e1s el antiguo arte de la brujer\u00eda para que puedas encontrar aquella magia<span class=\"excerpt-hellip\"> [\u2026]<\/span><\/p>\n","protected":false},"featured_media":1060,"comment_status":"closed","ping_status":"closed","template":"","meta":[],"product_brand":[],"product_cat":[46],"product_tag":[],"class_list":{"0":"post-998","1":"product","2":"type-product","3":"status-publish","4":"has-post-thumbnail","6":"product_cat-autoayuda","8":"first","9":"outofstock","10":"taxable","11":"shipping-taxable","12":"purchasable","13":"product-type-simple"},"_links":{"self":[{"href":"https:\/\/www.mundilibros.cl\/web\/wp-json\/wp\/v2\/product\/998","targetHints":{"allow":["GET"]}}],"collection":[{"href":"https:\/\/www.mundilibros.cl\/web\/wp-json\/wp\/v2\/product"}],"about":[{"href":"https:\/\/www.mundilibros.cl\/web\/wp-json\/wp\/v2\/types\/product"}],"replies":[{"embeddable":true,"href":"https:\/\/www.mundilibros.cl\/web\/wp-json\/wp\/v2\/comments?post=998"}],"wp:featuredmedia":[{"embeddable":true,"href":"https:\/\/www.mundilibros.cl\/web\/wp-json\/wp\/v2\/media\/1060"}],"wp:attachment":[{"href":"https:\/\/www.mundilibros.cl\/web\/wp-json\/wp\/v2\/media?parent=998"}],"wp:term":[{"taxonomy":"product_brand","embeddable":true,"href":"https:\/\/www.mundilibros.cl\/web\/wp-json\/wp\/v2\/product_brand?post=998"},{"taxonomy":"product_cat","embeddable":true,"href":"https:\/\/www.mundilibros.cl\/web\/wp-json\/wp\/v2\/product_cat?post=998"},{"taxonomy":"product_tag","embeddable":true,"href":"https:\/\/www.mundilibros.cl\/web\/wp-json\/wp\/v2\/product_tag?post=998"}],"curies":[{"name":"wp","href":"https:\/\/api.w.org\/{rel}","templated":true}]}}